56?
8
What is the highest common divisor of 4716 and 360?
36
What is the greatest common divisor of 188 and 11468?
188
What is the highest common factor of 188 and 329?
47
Calculate the highest common divisor of 8 and 4.
4
Calculate the greatest common factor of 10 and 246.
2
Calculate the highest common factor of 1164 and 624.
12
Calculate the highest common divisor of 220 and 1120.
20
Calculate the greatest common divisor of 711 and 9.
9
Calculate the highest common divisor of 238 and 102.
34
What is the greatest common factor of 345 and 45?
15
Calculate the greatest common factor of 255 and 15.
15
Calculate the greatest common factor of 22 and 99.
11
What is the highest common factor of 207 and 81?
9
What is the highest common divisor of 105 and 6?
3
Calculate the greatest common factor of 154 and 238.
14
What is the greatest common factor of 5236 and 34?
34
Calculate the greatest common factor of 368 and 138.
46
What is the greatest common divisor of 1290 and 60?
30
Calculate the highest common divisor of 40 and 13528.
8
Calculate the highest common divisor of 13 and 2743.
13
Calculate the highest common factor of 8 and 8.
8
Calculate the highest common factor of 7 and 896.
7
Calculate the highest common divisor of 50 and 4.
2
Calculate the greatest common factor of 6 and 50.
2
Calculate the greatest common divisor of 240 and 16.
16
Calculate the highest common factor of 18 and 138.
6
Calculate the greatest common factor of 42 and 812.
14
Calculate the highest common divisor of 98 and 280.
14
Calculate the highest common factor of 133 and 7961.
19
What is the highest common divisor of 7322 and 14?
14
Calculate the highest common factor of 110 and 77.
11
Calculate the greatest common factor of 115 and 5.
5
Calculate the greatest common divisor of 783 and 203.
29
Calculate the highest common divisor of 6 and 2154.
6
What is the greatest common divisor of 891 and 396?
99
Calculate the highest common factor of 95 and 855.
95
Calculate the greatest common divisor of 133 and 57.
19
What is the highest common divisor of 290 and 754?
58
Calculate the highest common factor of 65 and 10.
5
Calculate the highest common divisor of 2 and 6.
2
What is the highest common factor of 168 and 48?
24
What is the highest common factor of 182 and 52?
26
What is the greatest common divisor of 1903 and 11?
11
What is the highest common divisor of 8170 and 190?
190
Calculate the greatest common factor of 8940 and 180.
60
What is the greatest common divisor of 1940 and 20?
20
What is the greatest common factor of 54 and 648?
54
What is the highest common factor of 7493 and 1397?
127
What is the greatest common factor of 570 and 135?
15
What is the greatest common factor of 25 and 16100?
25
What is the greatest common divisor of 994 and 14?
14
What is the greatest common divisor of 559 and 65?
13
What is the highest common divisor of 66 and 154?
22
What is the highest common divisor of 182 and 637?
91
What is the highest common divisor of 43 and 688?
43
Calculate the greatest common factor of 25281 and 9.
9
Calculate the highest common divisor of 101 and 808.
101
Calculate the highest common divisor of 7752 and 544.
136
What is the greatest common divisor of 96 and 5664?
96
Calculate the highest common factor of 583 and 477.
53
What is the greatest common divisor of 119 and 2006?
17
Calculate the highest common divisor of 33 and 31713.
33
Calculate the highest common factor of 16 and 536.
8
Calculate the greatest common divisor of 6 and 192.
6
Calculate the greatest common divisor of 66 and 55.
11
What is the highest common factor of 225 and 9?
9
Calculate the greatest common divisor of 350 and 27475.
175
Calculate the greatest common divisor of 341 and 440.
11
What is the highest common factor of 979 and 4005?
89
Calculate the greatest common factor of 72 and 13644.
36
What is the highest common factor of 1420 and 497?
71
What is the greatest common factor of 9 and 5949?
9
What is the highest common factor of 630 and 15470?
70
Calculate the greatest common divisor of 236 and 826.
118
Calculate the greatest common factor of 120 and 480.
120
Calculate the greatest common divisor of 20 and 64.
4
Calculate the highest common divisor of 2450 and 98.
98
What is the highest common factor of 27 and 91?
1
What is the greatest common divisor of 286 and 104?
26
Calculate the greatest common divisor of 17805 and 15.
15
Calculate the greatest common divisor of 2236 and 13.
13
Calculate the highest common factor of 37 and 6031.
37
Calculate the greatest common factor of 396 and 297.
99
What is the greatest common factor of 1083 and 12?
3
What is the greatest common factor of 32 and 3664?
16
What is the highest common factor of 22 and 2?
2
Calculate the greatest common divisor of 273 and 5811.
39
Calculate the highest common factor of 11684 and 368.
92
Calculate the highest common factor of 6641 and 116.
29
Calculate the greatest common factor of 196 and 5341.
49
What is the greatest common factor of 80 and 300?
20
Calculate the greatest common factor of 100 and 6050.
50
Calculate the greatest common divisor of 560 and 11480.
280
Calculate the highest common factor of 1168 and 32.
16
What is the highest common divisor of 32 and 88?
8
What is the highest common divisor of 240 and 320?
80
Calculate the greatest common divisor of 2738 and 74.
74
What is the greatest common divisor of 29 and 12470?
29
What is the greatest common divisor of 1250 and 450?
50
What is the greatest common divisor of 33 and 9?
3
What is the greatest common factor of 212 and 4?
4
Calculate the greatest common divisor of 81 and 393.
3
Calculate the greatest common divisor of 171 and 152.
19
What is the highest common factor of 1468 and 4?
4
What is the highest common factor of 1027 and 169?
13
What is the greatest common divisor of 140 and 728?
28
Calculate the highest common divisor of 140 and 14.
14
What is the highest common divisor of 9553 and 41?
41
What is the highest common divisor of 21 and 6?
3
Calculate the highest common factor of 6 and 128.
2
Calculate the highest common factor of 13 and 6227.
13
What is the highest common factor of 8 and 220?
4
Calculate the greatest common factor of 1265 and 115.
115
What is the highest common factor of 35 and 5?
5
What is the highest common factor of 72 and 768?
24
Calculate the highest common factor of 52 and 533.
13
What is the highest common factor of 187 and 440?
11
Calculate the greatest common factor of 12 and 1068.
12
What is the greatest common factor of 53 and 265?
53
Calculate the greatest common divisor of 26 and 2054.
26
What is the greatest common factor of 11957 and 11?
11
Calculate the greatest common divisor of 77 and 1225.
7
What is the highest common factor of 81 and 1692?
9
What is the highest common factor of 6466 and 212?
106
Calculate the greatest common factor of 41 and 779.
41
Calculate the highest common divisor of 36 and 450.
18
What is the highest common factor of 323 and 51?
17
What is the highest common divisor of 2575 and 125?
25
What is the highest common factor of 726 and 66?
66
What is the highest common divisor of 391 and 92?
23
Calculate the highest common divisor of 136 and 663.
17
What is the greatest common factor of 957 and 5973?
33
What is the greatest common factor of 45 and 395?
5
Calculate the highest common divisor of 61 and 2501.
61
Calculate the greatest common factor of 60 and 22740.
60
Calculate the greatest common divisor of 86 and 6.
2
Calculate the greatest common factor of 153 and 36.
9
Calculate the greatest common divisor of 18537 and 111.
111
What is the highest common factor of 368 and 640?
16
What is the highest common divisor of 126 and 28?
14
What is the greatest common divisor of 91 and 260?
13
What is the highest common divisor of 18 and 58?
2
What is the greatest common factor of 25 and 790?
5
What is the highest common factor of 21 and 7077?
21
Calculate the greatest common divisor of 2382 and 18.
6
Calculate the highest common factor of 1472 and 23.
23
What is the greatest common divisor of 9648 and 48?
48
What is the greatest common divisor of 16 and 72?
8
What is the greatest common divisor of 136 and 306?
34
What is the greatest common divisor of 54 and 60?
6
Calculate the highest common d